-1)?
2
Let i = -4 + 60. Suppose -5*o = 3*z + i, z - 6*z + 10 = -2*o. What is the units digit of (3/(-6))/(1/o)?
5
Let g(a) = -a**3 - 6*a**2 - 2*a - 17. What is the units digit of g(-7)?
6
Let w(p) = p**2 + p + 5. Let c be w(0). Suppose -92 = -c*i + 88. What is the units digit of i?
6
Let f(h) = h**3 - 5*h**2 + 4*h - 11. Let c be f(5). Suppose -4*d - 29 = -2*s + c, -s + d + 19 = 0. What is the units digit of s?
9
Let l be (0 - 0) + -1 + 1. Let d(x) = 3*x**2 + 2*x - 1. Let m(q) = -10*q**2 - 7*q + 2. Let u(a) = -7*d(a) - 2*m(a). What is the units digit of u(l)?
3
Suppose 5*x - 3*b - 41 = b, -5*x - 3*b = -13. Suppose -x*m = -0*m - 65. What is the units digit of m?
3
What is the tens digit of ((-8)/(-6) + 0)/(6/207)?
4
Let x(p) = 10*p**2 + 9*p + 10. What is the tens digit of x(-6)?
1
Let w be (-10)/6*(-1 + -26). Suppose 5*x - 2*x - w = 0. Let y = x + -6. What is the units digit of y?
9
Let d = -10 + 4. Let t be (-3)/(-9) + (-10)/d. Let s = t - -3. What is the units digit of s?
5
Let b be 3/6*(27 + -1). Suppose t - b = -d - 5, -5*d = -2*t + 44. Let g = -6 + t. What is the units digit of g?
6
Let t(q) = q**3 - 7*q**2 + 4*q - 7. What is the tens digit of t(7)?
2
Let i(g) = -8*g - 8. What is the units digit of i(-2)?
8
Suppose 5*r - 2*k = 55, -4*r + k = 2*k - 57. What is the tens digit of r?
1
Let s(c) = -c**2 + 5*c - 6. Let p be s(5). Let o be 0 + 0 + p*1. Let d(z) = -z**3 - 5*z**2 + 3*z - 8. What is the units digit of d(o)?
0
Suppose -24 + 4 = -2*x. Let p be 3/12*x*2. Suppose -w - z + 1 = -8, 5*z + p = 5*w. What is the units digit of w?
5
Let u(c) = -c**3 + c**2 + c + 4. What is the units digit of u(0)?
4
Let a = -4 + 7. Let w(z) = 3*z**2 - 3*z - 4. What is the units digit of w(a)?
4
Let g(j) = j - 11. Let a be g(11). What is the units digit of 11 + (0 - 2 - a)?
9
Let r(w) = w**3 - 5*w**2 + 4*w + 4. Suppose 12 = 3*o + 4*b, 2*b = -o + 1 + 3. What is the units digit of r(o)?
4
Let z(l) = l**2 + 6*l + 7. Let r be z(-5). Suppose -5*d + 0*d - 63 = -r*h, -3*h + d + 62 = 0. What is the tens digit of h?
1
Let y(l) = -l**2 + l + 2. Let f be y(2). Let x be -1 + -2 + (6 - f). Suppose 0 = -x*r + 7 + 8. What is the units digit of r?
5
Let r(a) be the third derivative of -a**6/20 - a**5/30 - a**4/8 + 3*a**2. What is the units digit of r(-2)?
6
Suppose -3*y + 9 + 15 = 0. Let w = y - 5. What is the units digit of 1/w + (-46)/(-6)?
8
Suppose 5*a + 6 = -4. Let x(b) = -b**3 - b**2 - b + 1. What is the units digit of x(a)?
7
Let v(j) = -9*j + 1. Let t = -4 + 3. Let h be v(t). Let i = 16 - h. What is the units digit of i?
6
Let h(m) be the second derivative of m**4/6 + 2*m**3/3 + 3*m**2 + m. What is the units digit of h(-4)?
2
What is the units digit of ((-1)/(-3))/(-1)*102*-1?
4
Let z be (10/(-3))/(1/48). What is the units digit of (-12)/18 + z/(-6)?
6
Suppose 2*y + 2*q = 18 + 72, 0 = -5*y + q + 213. What is the units digit of y?
3
Suppose 4*i + 431 = 5*v, 0*v + 154 = 2*v + 3*i. What is the units digit of v?
3
Suppose -m - 47 = -5*r, 5*r + 4*m - 12 = 25. Let j = r - -1. What is the units digit of j?
0
Let o = 23 + -12. Suppose 16 - 52 = -2*f. Let s = f - o. What is the units digit of s?
7
Suppose f = 18 + 2. Let k = 40 - f. What is the tens digit of k?
2
Let k be 0/(4/2 + 0). Let n = 1 + k. Let t(b) = 3*b**2 + b. What is the units digit of t(n)?
4
Let w(x) = 1. Let i(c) = -22*c + 1. Let p(a) = i(a) - 2*w(a). Let l be p(-1). Suppose 2*v = -v + l. What is the units digit of v?
7
Suppose 11 = -5*g - 4. Let o = g + -2. Let r = 4 - o. What is the units digit of r?
9
Suppose 0 = -2*x - 4*d - 22, 0 = x - d + 4*d + 16. Let v = -1 - x. Suppose f = -v + 19. What is the units digit of f?
9
What is the hundreds digit of ((-1740)/(-45))/(2/6)?
1
Suppose 5*m + 2 = 7. Let a be -12*(-3)/(-2)*m. Let o = a + 33. What is the tens digit of o?
1
Let x(h) = h**2 + 10*h + 2. Let c be x(-9). Let t be c/5 + (-2)/(-5). What is the units digit of 1 + ((-5)/t - 1)?
5
Let u(k) = 53*k**3 - k**2 + 1. What is the units digit of u(1)?
3
Let t(l) = l - 3. What is the units digit of t(11)?
8
Let h(n) be the first derivative of -11*n**2/2 + n + 2. Let q be h(1). What is the units digit of (5 - 1)/((-2)/q)?
0
Let u = -91 + 96. What is the units digit of u?
5
Let w be -4*(-2 - 454/8). Let c = 156 - w. What is the units digit of c/(-9) + (-2)/(-9)?
9
Suppose 3*p - 66 = 4*b, 0 = 5*p - b - 65 - 45. Let y = -3 - 5. Let x = y + p. What is the tens digit of x?
1
Let f(s) = -s**3 + 22*s**2 + 29*s - 1. What is the hundreds digit of f(23)?
1
What is the hundreds digit of ((-3560)/(-12))/(-5)*-3?
1
Suppose -13 = -5*x - 3. Suppose 2*a - x = 24. What is the units digit of a?
3
Suppose -x = -1 - 1. Suppose -v - x = -3*v. Let j = 2 - v. What is the units digit of j?
1
Let b(h) = 17*h + 4. Let i be b(4). Suppose -5*t + 7 = -r, 2*r + 2 = -2*t + 6*t. Suppose r*f = -f + i. What is the units digit of f?
8
Suppose 4*o - 4*b - 345 = -117, -b + 63 = o. Suppose -2*t + 159 = 3*t + 2*z, -2*t = 2*z - o. What is the tens digit of t?
3
Let o(c) = 56*c**3 - 2*c**2 + 2*c. What is the units digit of o(1)?
6
Suppose 5*t + 2*q - 18 = 45, 4*q = 3*t - 17. What is the units digit of (-60)/(-33) + 2/t?
2
Let r = 9 - 7. Let y be r/(1*(-3)/51). Let t = -20 - y. What is the tens digit of t?
1
Suppose 2*r + 2*v = 202, 0 = -2*r - v - 0*v + 198. What is the units digit of r?
7
Let q = 139 + -37. What is the units digit of (4/(-6))/((-4)/q)?
7
Suppose 2*o - 14 = -0. Suppose t + 4*k = 10, 22 - o = 3*k. Let j = -1 - t. What is the units digit of j?
9
What is the units digit of (1 + -4)/(-9)*69?
3
Suppose 3*z = -2*z - 20. What is the units digit of (-12 + 3)*z/6?
6
Let n be ((2 + -2)/1)/3. Let d(x) = -x + 3. What is the units digit of d(n)?
3
Let t = 5 + -3. Suppose 0 = -2*r - t*r + 8. Suppose -24 = -r*k - 8. What is the units digit of k?
8
Let z(v) = v**2 - v. Let t = 8 + -6. Let h be z(t). Suppose 0 = h*f + 2 - 40. What is the tens digit of f?
1
Suppose 4 = 2*b - 2. Suppose -3*m = -b*a + 4*a, -7 = -3*a - 2*m. Suppose a*w = -2*w - 3*r + 80, 0 = 4*r. What is the units digit of w?
6
Let m be (-4 + 3)/((-3)/9). Suppose 2*y - m*i = -3*y, -2*i = -10. Suppose y*b + a = 2*a + 26, -3*b = 5*a - 32. What is the units digit of b?
9
Suppose 3*a = 4*q + 42 - 7, a = -3*q - 10. Suppose 2*h + w - 91 = 0, -28 - 67 = -2*h - a*w. Suppose h = -0*k + 3*k. What is the tens digit of k?
1
Suppose 0 = -s + 4*s - 63. What is the tens digit of s?
2
Suppose 2*b - 1320 = -b. What is the tens digit of b/45 + 2/9?
1
Let w(r) = -3*r + 2. Let z be w(-4). Let b(a) = -9*a. Let y be b(1). Let c = y + z. What is the units digit of c?
5
Let u(n) = 9*n - 13. Let r(k) = -5*k + 7. Let j(c) = 10*r(c) + 6*u(c). What is the tens digit of j(8)?
2
Let l be (-3)/15 - (-38)/(-10). Let k(d) = d**3 - 4*d**2 + d + 6. Let u(h) = -2*h**3 + 4*h**2 - 6. Let v(c) = -3*k(c) - 2*u(c). What is the units digit of v(l)?
6
Let s(d) = d - 8. Let h be (3/(-2))/((-3)/16). Let g be s(h). Suppose -2*a - o = -25, g = a + 2*a - 2*o - 34. What is the tens digit of a?
1
Let w(d) = d**3 + 6*d**2 - 4*d + 4. Let g be w(-5). Let h be 108/14 + 14/g. Suppose 3*r = 3, -4*c = 5*r - h*r - 33. What is the units digit of c?
9
Suppose 3*n - 4 = n. Let k = 21 + 3. Suppose n*f = -2*h + 22, -4*h - 5*f + 19 = -k. What is the tens digit of h?
1
Suppose -2*v = 3*i - 125, -2*i + 78 = -0*i + 4*v. What is the tens digit of i?
4
Let n(u) = -2*u + 2. Let p be n(-3). Let m(t) = -1 + t**3 + 9*t**2 + p*t + 2 + 1. What is the units digit of m(-8)?
2
Let k be 6/(-14) - (-24)/7. Suppose k*z - 30 = -2*l - 3*l, 0 = 4*z + 4*l - 48. What is the tens digit of z?
1
Suppose 2*x + 4 = 10. Suppose -x*l + 16 = d + 2, -4*l + 8 = -4*d. What is the units digit of l?
4
Let t be (-2 + 10)*5/5. Let p = t + -3. Suppose v - a = 2*a + 9, -2*v - p*a + 18 = 0. What is the units digit of v?
9
Let x = 1 - -2. Let p = x + 1. Suppose 2*q = -q - 4*m + 3, 5*q - 5 = -p*m. What is the units digit of q?
1
Let z(n) = -6*n**3 + n**2 + 2*n. Let q be z(-2). Suppose -4*c + q + 28 = 0. What is the tens digit of c?
1
What is the units digit of (-6)/(1*(-2 - -1))?
6
Let n(t) be the first derivative of t**6/45 - t**5/60 + t**4/24 - t**3/3 - 1. Let s(j) be the third derivative of n(j). What is the units digit of s(1)?
7
Let h(x) = -x**3 + 6*x**2 - 5*x. Let f be h(4). What is the units